 -30*v + 211. What is y(m)?
1
Let w(t) = -3*t - 30*t**2 - 31*t**2 - 8*t + 23 + 65*t**2. Let i(g) = -g**2 - g + 1. Let v(s) = 3*i(s) + w(s). Determine v(11).
-7
Let b(l) = -20*l**2 - 35*l - 6. Let t(o) = 7*o**2 + 10*o + 2. Let i(c) = -4*b(c) - 11*t(c). Give i(-9).
-25
Let x(u) = -56*u + 1. Suppose 0 = -9*z - 2007 + 1998. Determine x(z).
57
Let p be 18/(1 + (-3)/(-3)). Let j(t) = t + 29. Let n(k) = -10*k - 243. Let c(i) = 9*j(i) + n(i). Calculate c(p).
9
Let p(z) = 2*z**3 - 2*z**2 - z. Let y(g) = 12*g + 31. Let u be y(8). Let h = u - 182. Let o = -53 - h. Determine p(o).
6
Let f(g) = 8*g + 18. Let a be f(-2). Let c(x) = x + 1 + x**a + 10*x**3 + 0*x**2 + 13*x**3 - 18*x**3. Give c(-1).
-4
Let c(b) = 2 + 4 - 11 + 5*b - 2*b + 13*b. Determine c(3).
43
Let k(m) be the first derivative of 5/2*m**2 + 0*m + 105 + 1/3*m**3. What is k(-6)?
6
Let u = 8 - 5. Let f be (-22)/(-7) + (-4)/28. Let h(s) = 28*s**f - s + 28*s**u - 1 - 52*s**3 - s**2. Calculate h(-1).
-5
Let w(i) = 47*i**2 + 3*i - 3. Let g be w(2). Let t = g + -189. Let h(c) = 4*c. Calculate h(t).
8
Let n(h) = h**3 + 6*h**2 - 4*h + 10. Let i(u) = -u**2 - 9*u - 5. Let g be i(-9). Let o = g - -15. Suppose 18 = -4*v - o. Calculate n(v).
-11
Let z(m) = m**2 - 3*m + 2. Let r be (6 - 4 - 0) + -2. Suppose -5*i = 5*g, 0 = -2*i - r*g - g + 4. Give z(i).
6
Let b be (-17 - 259/(-14))*2. Let p(g) be the second derivative of -5*g + 2*g**2 + 0 - 1/12*g**4 + 5/6*g**b. Give p(7).
-10
Suppose -q - 155 = -219. Let s(k) = -k + 19 + 16 + 14 + 17 - q. Determine s(0).
2
Let j = -3783 + 3785. Let i(t) be the third derivative of 1/24*t**4 + 2/3*t**3 + 16*t**j + 0 + 0*t. Determine i(-3).
1
Let l(n) = 4*n - 28. Let y be l(8). Let m(w) = 0*w + 5*w - y*w + 4*w + 8*w. Determine m(3).
39
Let s(y) = -5*y - 11. Let f(n) = 3*n - 11. Let j(m) = -5*f(m) + s(m). Determine j(3).
-16
Let c(q) = 2*q**2 - 2. Suppose 10*j = 14*j + 20, 0 = -3*f + 4*j + 50. Suppose -6*a + a = -f. Calculate c(a).
6
Let y(x) = x**2 + 26*x - 2. Let l = -16897 + 16873. What is y(l)?
-50
Let g(f) be the second derivative of f**4/12 + 11*f**3/6 + 12*f**2 + 27*f - 31. Give g(-6).
-6
Let y(i) = -8*i - 162. Let x(j) = 7*j + 133. Let c(d) = 5*x(d) + 4*y(d). Calculate c(-7).
-4
Let d(h) = -h**2 + 10*h. Let x(j) = j**3 + 8*j**2 - 14*j - 19. Let t be x(-8). Suppose 0 = -95*m + t*m + 20. Determine d(m).
0
Suppose w + 0*w + 55 = 7*d, -d - w = -1. Let a(v) = -v + 7. What is a(d)?
0
Let a(r) = r**3 - 5*r**2 + 2. Let h(b) = 3*b**3 - 14*b**2 + 6. Let s(u) = 8*a(u) - 3*h(u). Let n be 17/(136/(-32)) + 7. Determine s(n).
-11
Let l(o) = -o - 2. Let q be 24/9 - (-1)/3. Suppose -2*c + 8 + 7 = 5*m, -6 = 5*c - 2*m. Let k = q - c. Determine l(k).
-5
Let d(m) = -8*m - 34. Suppose -199*p - 91 + 91 = 0. What is d(p)?
-34
Let q(o) = 2*o**3 + 4*o**2 + 3*o + 2. Let j(n) be the third derivative of n**5/4 - 89*n**4/24 - 4*n**3/3 - 8*n**2 - 4. Let t be j(6). What is q(t)?
-4
Let l(b) be the third derivative of -b**6/15 + b**5/60 + b**4/24 - 17*b**3/6 + 22*b**2 + 2*b. Let f(n) be the first derivative of l(n). Give f(-1).
-25
Let r(y) = -y + 1 + 17 + 2 - 8. Let a = 5640 - 5629. Determine r(a).
1
Let r(o) = 3*o**2 + 2*o - 8. Let h(z) = -4*z**2 - 3*z + 9. Let b(k) = -6*h(k) - 7*r(k). Let j be (-1062)/(-48) + 2/(-16). Suppose 9*w + j = -2*w. What is b(w)?
6
Let o(n) = -2 + 3*n**2 + 8 - n**3 + 1 - n. Suppose -136*u + 595*u - 605 - 772 = 0. Determine o(u).
4
Suppose -788*l + 28 = -784*l. Let k be (-1 + 7 - l)*1. Let a(r) = 11*r**2. Calculate a(k).
11
Let q = -31056 + 31060. Let i(z) be the third derivative of q*z + 1/60*z**6 - 1/60*z**5 + 1/6*z**3 - 5*z**2 - 1/8*z**4 + 0. Determine i(2).
7
Let b(a) = -1 - 3*a + 23*a**2 - 11*a**2 - 13*a**2. Let j(n) = -5*n**2 + 41*n - 71. Let c be j(6). What is b(c)?
-11
Let s(g) be the second derivative of g**5/20 + g**4/3 + g**3/2 - 27*g + 3. Let d(n) = -12*n + 45. Let o be d(4). Calculate s(o).
0
Let m(u) = -1 + 6*u**2 - 16*u**2 + 9*u + 8*u**2. Let r(p) = -p**3 + 16*p**2 + 16*p + 21. Let c be r(17). What is m(c)?
3
Let g = 323 + -543. Let p be (-48)/10 + 44/g. Let h(r) = -9*r - 6. Calculate h(p).
39
Let d = -148 + 149. Let b(z) = -z - 1. Let k(v) = v**3 - 8*v**2 + v + 3. Let r(w) = d*k(w) - 5*b(w). Let q(j) = j + 2. Let i be q(5). Give r(i).
1
Let m(i) = 21*i**3 - 16*i**2 + 27*i + 1. Let y(b) = -5*b**3 - 2*b. Let j(x) = m(x) + 4*y(x). What is j(14)?
-125
Let p(o) = -3*o - 11. Let m(u) = u**3 + 16*u**2 - 15*u + 24. Let f(i) = -8*i - 209. Let n be f(-24). Let g be m(n). Determine p(g).
19
Let m(q) = 6*q + 61. Let x = -3328 + 3318. What is m(x)?
1
Let a(b) = -42*b**3 - 41*b**2 - 57*b - 64. Let p(c) = -11*c**3 - 11*c**2 - 14*c - 16. Let h(u) = -6*a(u) + 23*p(u). Determine h(-10).
116
Let o(g) = -6*g**2. Let k(t) = -t**2 - t + 5. Suppose 0 = 2*c - 2*r - 92, -c = -5*r - 13 - 13. Let f = c + -54. Let w be k(f). Give o(w).
-6
Let o(s) = 7*s**2 - 6*s**2 - 44*s - 59*s - 28 + 90*s. Give o(15).
2
Suppose 2*b + 9 = -j, -55*b + 58*b - 3 = 4*j. Let x(v) = -46*v - 5 + 26*v + 26*v + 3. Calculate x(j).
-20
Let n(r) = -r**3 + r + 2. Let x be n(0). Let f(q) = 6 + 5*q - 2 - 1 - 6. Give f(x).
7
Let c be -6 - -56 - (-8)/(-2). Let i(w) = 2 - c*w - w**2 + 77*w - 35*w. What is i(-3)?
5
Let w(q) = -2*q - 12. Suppose 4*h - 4*t + 2260 = 0, -5*h + 5*t - 2256 = -h. Let d = 564 + h. Determine w(d).
-2
Let y(a) = 12*a - 23. Suppose -41*l = -36*l + 5*q - 20, -5*q = 4*l - 17. Calculate y(l).
13
Let k(y) = -260*y - 23 - 257*y + 509*y. Let q be k(-4). Let o(x) = -x**3 + 10*x**2 - 9*x - 8. Give o(q).
-8
Suppose -30 = -5*j, 25*f + 33 = 22*f + 5*j. Let u(b) = -19*b**3 - b**2 + 2*b + 2. What is u(f)?
18
Let m be (-9 + 14 + 21/3)*(-10)/20. Let i(x) be the third derivative of x**5/60 + x**4/4 - x**2. What is i(m)?
0
Let x be 2/10 - (-3024)/80. Let p(s) = s - 18 + x - 12 - 13. Calculate p(5).
0
Let l = -11 + 16. Let j be (-3)/((-3)/l) - -1. Let z(m) = -2*m**3 - 11*m**2 - 7*m + 13. Let a(f) = f**3 + 2*f**2 - 2. Let w(r) = 3*a(r) + z(r). Calculate w(j).
1
Let b(s) = 2850 + s**3 - 2845 - 2*s - 3*s. What is b(-5)?
-95
Let b(l) = -2*l**2 + 2*l - 1. Suppose 2*h = -2*h + 60. Let m = -34 + 48. Suppose m = -s + h. Give b(s).
-1
Let o(g) be the first derivative of -4*g**2 - 53*g - 859. What is o(-5)?
-13
Suppose 35 + 19 = -9*s. Let d be (s - -2)/((-16)/28). Let h(u) = u**3 - 7*u**2 - 2*u + 7. What is h(d)?
-7
Suppose -q = -5*p + 5, 3*p = -p - 4. Let n = q + 20. Let c(a) = -3*a - n*a + 19*a - a**2 - 3. Calculate c(6).
-3
Suppose 7 = 6*c - 17. Suppose c*d + 3*i = 14, -3*i = -11*d + 8*d + 21. Let h(o) = 4*o - 5. Calculate h(d).
15
Suppose -j = -3*a + 30, -2*j - 6 = 5*a - 1. Let m(u) = u**2 - 131*u - 32. Let z(r) = -7*r**2 + 843*r + 193. Let h(g) = -13*m(g) - 2*z(g). Give h(j).
0
Let q(y) = y**2 - 117*y + 3358. Let w be q(50). Let j(t) = -t**2 - 6*t + 118. Determine j(w).
6
Let h(i) = i**2 + 72*i + 850. Let a be h(-15). Let c(q) = -q**2 - 5*q - 4. What is c(a)?
-4
Let v(w) = 2*w**2 - 10*w + 22. Suppose -3*r = u - 25, -r + 15*u - 13 = 10*u. Determine v(r).
50
Let m(k) = 251*k - 5*k**2 - 94*k - 95*k - 2 - 85*k + k**3. Give m(8).
6
Suppose 135 = 7*f + 2*f. Let z be 5 - f/20*4. Let n(u) = -15*u**z + 1 + 21*u**2 + 2*u + u**2. What is n(-1)?
6
Let f = 75 + -70. Let o be f + (-65)/10 - 5/(-2). Let w(y) be the second derivative of -y**4/3 + y**3/6 - y**2/2 + 3*y. Give w(o).
-4
Suppose v = 108*b - 112*b + 18, b = -3*v - 23. Let k(o) = -o**3 - 9*o**2 + 8*o - 8. Give k(v).
12
Let m(w) = -w**2 + 4*w. Let n(q) = -4*q - 44 + 0*q + 0*q**2 - q**2 + 2*q**2. Let l be n(9). Let y be 6 - l - 3/(-8 - -11). Give m(y).
0
Let r(m) = -12*m - 25*m**2 + 7 + 4*m + 26*m**2. Let p = -78 + 84. Calculate r(p).
-5
Suppose 0 = 5*b + 1218 + 1722. Let d = 590 + b. Let u(v) = 2*v - v + 1 - 2. Give u(d).
1
Let u(l) be the third derivative of -l**5/60 - 5*l**4/6 - 38*l**3/3 + 61*l**2 - 7*l. Determine u(-14).
8
Let v be (-2)/4 + (-989)/(-46). Let z(a) = -a - 4 - 14*a + v*a. Calculate z(5).
26
Let c(w) = w**3 - 11*w**2 - 10*w - 6. Let s(d) = 2*d**3 - 9*d**2 - 10*d - 5. Let r(y) = 4*c(y) - 3*s(y). Give r(-8).
7
Let z be -7 - (-10 + 60/(-15)). Let d(y) = y**3 - 8*y**2 + 8*y + 10. Give d(z).
17
Let x be (4 - (4 - -4)) + (0 - 3). Let g(w) be the third derivative of w**5/60 + w**4/3 + w**3/3 - 4*w**2 - 5*w. Determine g(x).
-5
Let u(z) = -z**2 + 4*z - 7. Let p be u